
Let l be (2618/21)/(1 - 1/3). Suppose -8*h - 67 = -l. What is the highest common factor of h and 15?
15
Let m = -10 + 17. Let o be -1*(-3 + m*-3). Let h be -12*1*(-2)/4. Calculate the highest common factor of h and o.
6
Suppose 3*p = 3*n + 171, -p + 72 = -2*n - 2*n. Let s = p - 100. Let i be (3 + s/10)*-5. Calculate the greatest common divisor of i and 81.
9
Suppose -4*q = 10 + 10. Let n be -1*((-4 - q) + -1). Suppose -j + 16 + 6 = n. What is the highest common factor of j and 132?
22
Let z = 53 - -46. Suppose 0 = -5*o + 81 + z. Suppose -3*s + 24 = -s. Calculate the greatest common factor of o and s.
12
Suppose 0 = -3*i - 5*l + 44 + 924, -652 = -2*i - 2*l. Let r = i + -236. What is the highest common divisor of 38 and r?
19
Suppose -4*g = 109 + 203. Let w = -22 - g. Calculate the highest common factor of 14 and w.
14
Let v = 35 + -38. Let y(s) = -s**3 + 2 + 2*s + 4 - 3. Let g be y(v). Calculate the highest common divisor of 72 and g.
24
Let x(n) = -6*n - 12. Let t be x(-2). Suppose t = -34*s + 32*s + 2. Calculate the greatest common divisor of 11 and s.
1
Let s(g) = 36*g - 66. Let o be s(2). What is the greatest common divisor of 94 and o?
2
Suppose 0*s - 4*s + 4*a - 168 = 0, -5*a - 170 = 5*s. Let w = 56 + s. Calculate the greatest common divisor of w and 27.
9
Suppose 7*q - 17 = 123. Calculate the greatest common divisor of q and 28.
4
Let m(c) = -c**2 - 8*c + 53. Let d be m(-11). Calculate the highest common divisor of d and 10.
10
Let f be (9 + -21)/((-3)/2). Suppose -13 + 85 = f*u. What is the highest common factor of u and 6?
3
Let t = -314 - -457. What is the greatest common factor of t and 11?
11
Suppose 8*s = -2*s + 900. What is the greatest common factor of 36 and s?
18
Let i = 4775 - 3306. Calculate the highest common divisor of i and 13.
13
Let t(w) = -11*w - 4. Let n be t(-4). Let f be (-8)/(-10) - 260/(-50). Let r = 14 - f. Calculate the greatest common factor of r and n.
8
Suppose 4*w = f + 367, -w + 69 + 37 = -5*f. What is the highest common factor of 455 and w?
91
Let l = -599 + 727. What is the greatest common factor of 960 and l?
64
Let w = 9 + -5. Suppose -3*c = 2*n - 32, 0 = 2*n + 2*c - 44 + 12. Suppose 0 + n = h. What is the highest common divisor of w and h?
4
Let f be 1916/(-16) + 3/(-3*4). Let w = f - -190. What is the greatest common factor of 10 and w?
10
Suppose -3*y + 58 = -2*w, y + 2*y - 55 = 5*w. Let l = -4 - -6. Let q be ((-41 - -1)/l)/(-1). What is the highest common divisor of q and y?
20
Suppose 4*x - 650 = -s, 5*s - 3449 = 2*x - 221. Calculate the greatest common factor of 57 and s.
19
Let y = 64 - 45. Let r(p) = 2*p + 95. Let k be r(0). Suppose -16*x - k = -21*x. Calculate the greatest common divisor of x and y.
19
Let s(f) = -4*f + 5. Let d be s(-5). Let j be (-7 - (-267)/39) + 654/26. Calculate the greatest common divisor of d and j.
25
Suppose -5*b = -b - 144. Let p = -30 + b. Calculate the greatest common divisor of p and 6.
6
Let z(m) = -2*m**3 - 7*m**2 + 2*m - 4. Let t be z(-4). Let x(a) = 18*a - 16. Let d be x(t). Let j = -16 + 23. Calculate the greatest common factor of j and d.
7
Let o(w) = w**3 - 21*w**2 + 19*w + 87. Let u be o(21). Calculate the highest common divisor of 18 and u.
18
Suppose 25*j + 5*d + 17 = 28*j, 4*j - 36 = 4*d. What is the highest common factor of 189 and j?
7
Let j(g) = -3*g**3 - 11*g**2 - 21*g - 15. Let b be j(-5). Calculate the highest common factor of b and 76.
38
Suppose 7*r - 238 = 77. Let g(n) = n**2 + 11*n + 15. Let x be g(-10). What is the highest common factor of x and r?
5
Let t be (-10743)/(-21) - (310/(-70) + 5). Calculate the highest common divisor of 7 and t.
7
Let l(d) = 131*d**3 - d. Let z = 2 + -2. Suppose u + 5*y - 25 = -4*u, z = 5*u + 4*y - 21. Let p be l(u). Calculate the greatest common divisor of p and 26.
26
Let i(s) = -s**3 + 3*s**2 - s - 2. Let w be i(3). Let n be (-6)/15 - 182/w. Let v be 15*((2 - 7) + (-2 - -13)). Calculate the greatest common factor of v and n.
18
Suppose 76 = 4*d + 15*d. What is the greatest common divisor of d and 264?
4
Let r(p) = 25*p + 131. Let a be r(5). What is the greatest common divisor of a and 4?
4
Suppose 0 = -4*l + 4*k - 4, 2*k + 2*k = -5*l + 31. Let t be (466/6 - 0) + (-2)/l. Calculate the highest common factor of 11 and t.
11
Suppose -132 = -13*z + 492. What is the greatest common factor of 108 and z?
12
Let k = -131 + 158. Suppose -u - 4 = -2*u. Suppose 0 = -v + u - 1. What is the highest common divisor of v and k?
3
Let j(n) = -n. Let o be j(-5). Let r be (28/35)/(2/o). Suppose r*f = 28 - 8. What is the greatest common divisor of f and 50?
10
Suppose -6*j + 0*j + 180 = 0. Let l = -10 + j. What is the highest common divisor of l and 220?
20
Let d be (-111)/(-6) - 2 - 7/(-14). Calculate the greatest common divisor of 153 and d.
17
Let h = -2 - 2. Let d be 2*(7 + h - 1). Suppose -2*m = -4*x - 6, -d*m + 2*x + 32 = -x. Calculate the highest common divisor of 99 and m.
11
Let d be 15 + 1/(-1) - 2. Let i be 9/(-15) + 33/5. Let p be (3 + -1)*i/4. What is the greatest common divisor of d and p?
3
Suppose -53 - 127 = -9*b. Let p be 3/(-1 + 52/40). Calculate the greatest common factor of b and p.
10
Let k(j) = 5*j - 22. Let u be k(8). Let y = u - -2. What is the greatest common factor of 4 and y?
4
Suppose 3*o + 11 = -19. Let t = o - -40. Calculate the greatest common divisor of 10 and t.
10
Let u be (-168)/210*-55*6. Suppose -l = -2*q + 4*q - 176, 3*q - 2*l = u. Let y be 2/4 + 42/4. Calculate the greatest common divisor of q and y.
11
Suppose -464 = 190*a - 194*a. What is the greatest common factor of a and 319?
29
Suppose 4*t = 2*d - 0*d - 630, 3*d - 3*t = 945. What is the highest common divisor of 90 and d?
45
Let m(a) = 2*a + 3. Let t be m(-6). Let d = -35 - -39. Let h be (d - 1) + t + 9. What is the highest common factor of 33 and h?
3
Let f be 13 - 1 - (-76)/(-19). Suppose -7*x - 11 = -f*x. Calculate the highest common divisor of x and 33.
11
Suppose -63*r + 594 = -54*r. What is the highest common divisor of r and 297?
33
Suppose 2*h + u = 68, 2*h + 4*u = -h + 107. Suppose 4345 = -2893*n + 2972*n. What is the highest common factor of h and n?
11
Suppose -2792 = -3*m + 4*g, 10*m + 4*g - 1848 = 8*m. What is the highest common factor of m and 29?
29
Suppose 18 = 3*z - 2*z. Let y(p) be the first derivative of -5*p**2/2 - 3*p - 34. Let n be y(-6). Calculate the highest common factor of z and n.
9
Suppose -23 = -3*g + 2*o, 0*g + 3*o + 29 = 4*g. Let n(s) = -2*s + 59. Let c be n(2). Calculate the greatest common factor of g and c.
11
Suppose -88 + 18 = -5*n - 5*j, 42 = 3*n + 5*j. Suppose 4*b - n - 6 = 0. Let i be (22 - 2)*(0 + 1). Calculate the highest common divisor of i and b.
5
Let o(w) = 7*w + 21 + 5*w**2 - 11 - w**3 - 12. Let y be o(6). Suppose d = y*d - 6. What is the highest common divisor of 8 and d?
2
Suppose -3*h + 12 = 0, h - 409 = -7*z + 4*z. Suppose 8*q + z = 9*q. What is the greatest common divisor of q and 30?
15
Suppose -4*z + 2*j = 3*j + 29, -z + 14 = -4*j. Let i be (0 - 7)*z/7. Let q be 68/6 + 4/i. What is the highest common divisor of 132 and q?
12
Let r(g) = 2*g**3 + 10*g**2 - 4*g - 16. Let f be r(-5). What is the greatest common factor of 10 and f?
2
Let d = -6 - -9. Let p be (d + -5)*(-6)/4. Suppose 1 = 5*o - p*j - 9, 3*j - 15 = 0. Calculate the greatest common divisor of 5 and o.
5
Let o = 104 - 49. Let g(m) = 3*m + 3. Let x be g(-10). Let i = o + x. Calculate the greatest common factor of i and 7.
7
Let f = -76 - -101. Let j = -181 + 206. What is the greatest common divisor of j and f?
25
Suppose -3*a + 3*u + 25 = -a, 10 = -3*a - 5*u. Calculate the greatest common divisor of 40 and a.
5
Let t = 1 - -19. Let f be (-4)/18 + t/9. Suppose -r + 6*z - z = -114, z = -f*r + 195. Calculate the highest common divisor of r and 9.
9
Let l = 6 + -3. Suppose -9 = l*p - n, -3*p - n = -3*n + 12. Let j be p - -12*12/9. What is the greatest common divisor of j and 35?
7
Let m = -4 + -2. Let b(w) = -w**3 - 5*w**2 + 3*w - 3. Let a be b(m). Let p = -1699 - -1729. Calculate the greatest common divisor of p and a.
15
Let y = -119 + 87. Let z = 74 + y. What is the highest common factor of z and 21?
21
Let m = 2 + 8. Let q = -18 - -38. Let t = q + -16. What is the greatest common factor of m and t?
2
Let u be 99/24 - 17/136